{"id":19,"date":"2014-03-17T18:16:08","date_gmt":"2014-03-17T17:16:08","guid":{"rendered":"http:\/\/demo.themegrill.com\/spacious\/?page_id=19"},"modified":"2021-02-23T18:59:05","modified_gmt":"2021-02-23T17:59:05","slug":"awesome-support","status":"publish","type":"page","link":"https:\/\/www.kvalitasedlcany.cz\/?page_id=19","title":{"rendered":"Podpora"},"content":{"rendered":"\n<p>Jsem v\u00e1m k dispozici pro on\u013aine poradenstv\u00ed i pomoc p\u0159\u00edmo na m\u00edst\u011b, ve va\u0161em provoze.<\/p>\n\n\n\n<p>Pokud m\u00e1te jak\u00fdkoliv dotaz, probl\u00e9m z oblasti kvality, hygieny, nev\u00e1hejte m\u011b kontaktovat. Jsem V\u00e1m k dispozici denn\u011b pro online poradenstv\u00ed (telefon, e-mail, whatsapp). V p\u0159\u00edpad\u011b urgentn\u00edch z\u00e1le\u017eitost\u00ed p\u0159ijedu p\u0159\u00edmo do va\u0161eho provozu.<\/p>\n","protected":false},"excerpt":{"rendered":"<p>Jsem v\u00e1m k dispozici pro on\u013aine poradenstv\u00ed i pomoc p\u0159\u00edmo na m\u00edst\u011b, ve va\u0161em provoze. Pokud m\u00e1te jak\u00fdkoliv dotaz, probl\u00e9m z oblasti kvality, hygieny, nev\u00e1hejte m\u011b kontaktovat. Jsem V\u00e1m k dispozici denn\u011b pro online poradenstv\u00ed (telefon, e-mail, whatsapp). V p\u0159\u00edpad\u011b<\/p>\n","protected":false},"author":1,"featured_media":20,"parent":0,"menu_order":0,"comment_status":"closed","ping_status":"closed","template":"","meta":[],"_links":{"self":[{"href":"https:\/\/www.kvalitasedlcany.cz\/index.php?rest_route=\/wp\/v2\/pages\/19"}],"collection":[{"href":"https:\/\/www.kvalitasedlcany.cz\/index.php?rest_route=\/wp\/v2\/pages"}],"about":[{"href":"https:\/\/www.kvalitasedlcany.cz\/index.php?rest_route=\/wp\/v2\/types\/page"}],"author":[{"embeddable":true,"href":"https:\/\/www.kvalitasedlcany.cz\/index.php?rest_route=\/wp\/v2\/users\/1"}],"replies":[{"embeddable":true,"href":"https:\/\/www.kvalitasedlcany.cz\/index.php?rest_route=%2Fwp%2Fv2%2Fcomments&post=19"}],"version-history":[{"count":7,"href":"https:\/\/www.kvalitasedlcany.cz\/index.php?rest_route=\/wp\/v2\/pages\/19\/revisions"}],"predecessor-version":[{"id":932,"href":"https:\/\/www.kvalitasedlcany.cz\/index.php?rest_route=\/wp\/v2\/pages\/19\/revisions\/932"}],"wp:featuredmedia":[{"embeddable":true,"href":"https:\/\/www.kvalitasedlcany.cz\/index.php?rest_route=\/wp\/v2\/media\/20"}],"wp:attachment":[{"href":"https:\/\/www.kvalitasedlcany.cz\/index.php?rest_route=%2Fwp%2Fv2%2Fmedia&parent=19"}],"curies":[{"name":"wp","href":"https:\/\/api.w.org\/{rel}","templated":true}]}}